262. Let j = -42 + g. What are the prime factors of j?
2, 61
Suppose 414 = 13*u + 349. Let i(q) = -2*q**3 - 2*q**2 + 6*q - 7. Let r be i(-5). Suppose 6*w - r = u*w. List the prime factors of w.
163
Let d(g) = 9*g - 14. Let w(m) = m**2 - 3*m + 6. Suppose 26*c - 25*c = 0. Let l be w(c). List the prime factors of d(l).
2, 5
Suppose -r - 2 = -8. Suppose r*a - 20 = a. Suppose -3*p = 5*w - 527, -6*w + a*w - p + 211 = 0. What are the prime factors of w?
2, 53
Suppose -13*q + 3*q + 40 = 0. List the prime factors of (12 - -335) + (-6)/(q/(-2)).
2, 5, 7
Let i be 2 + ((-220)/(-5))/(-4). Let n be (-16)/(-24) - (-2)/i*93. Let j(u) = u**2 + 11*u - 9. What are the prime factors of j(n)?
3, 19
Let h = -14799 + 28012. What are the prime factors of h?
73, 181
Suppose 0 = -4*r - 17 - 23. Let j = r + 15. Suppose -5*o = q + 7, -j*o - 16 = -o. What are the prime factors of q?
13
List the prime factors of (-10007)/2*(25 - 29).
2, 10007
Suppose -106*k + 59858 = -862202 + 10566. What are the prime factors of k?
8599
Let m be 72/45*(0 - 5/(-2)). Suppose -m*d + 167 = -117. List the prime factors of d.
71
Let l(j) = j**2 + 2*j - 8. Let c be l(-4). Suppose 0 = 2*n - c*n - 12. List the prime factors of (-179)/(-3) + (-4)/n.
59
Let j(d) be the third derivative of -d**6/120 - d**5/6 - 5*d**4/12 + d**3/2 + 11*d**2. Let n be j(-10). Suppose 7*i = n - 5. What are the prime factors of i?
2, 7
Let n(y) be the first derivative of -y**4/4 - 5*y**3/3 - y**2/2 - 5*y + 1. Suppose p + 2 = -m, -p + 182 - 202 = -2*m. What are the prime factors of n(p)?
3, 5, 13
Suppose 10*d + 1212672 = 74*d. Suppose 789*y = 777*y + d. List the prime factors of y.
1579
Let a be 83 + (4 - -12)/(-4). Let x = a + -75. Let c(w) = 2*w**2 - 6*w - 3. What are the prime factors of c(x)?
5
Suppose -13*z - 2*q = -15*z + 6842, -2*z = -5*q - 6854. Let y = -2335 + z. List the prime factors of y.
2, 541
Suppose 5*a + 655 = -3*q, 176 = -a - q + 47. Let n = a + 326. What are the prime factors of n?
2, 3
Let g(c) = -c**3 + 11*c**2 + 4*c - 6. Let m be ((-14)/21)/((-4)/(-6)) + 3. Suppose -2*a + 11 = -2*w - 13, 5*a = -m*w + 46. What are the prime factors of g(a)?
2, 67
Let q be 92*3/9 + (-2)/3. Suppose 2*m = -8*m + q. Suppose -7*l + 167 = -3*l - 5*a, -m*l + 3*a = -129. What are the prime factors of l?
2, 3
Suppose 3*c + 105 = 10*c. Suppose 3*m - m + 9 = -3*k, -5*k = m + c. Suppose 12*f - 3168 + 1032 = m. What are the prime factors of f?
2, 89
Suppose -58 = -9*f + 32. Suppose 0 = 2*h, -5*l + 0*h + h + f = 0. Suppose -c - l = -46. List the prime factors of c.
2, 11
Suppose 0 = 244*q - 248*q + 28. List the prime factors of 4 + (-6 + q)/(3/873).
5, 59
List the prime factors of ((-108)/(-8))/(-9)*18904/(-4).
3, 17, 139
Let o be -1*(3 - (-2 - -1)). Let v be ((-7)/7)/((-1)/9). List the prime factors of (o + 5 - 1) + v.
3
Let g(j) = 2*j**2 + 9*j + 25. Let s be g(-11). Suppose -2*a + 526 + s = -2*y, 5*a - y = 1715. What are the prime factors of a?
2, 3, 19
Let c(n) = -17*n + 2*n**3 - 12 + 0 - 19*n**2 - n**3 - 5*n**2. Let b be c(25). Let m = 41 + b. What are the prime factors of m?
229
List the prime factors of 11597 + (-26)/(-3) + (-40)/60.
5, 11, 211
Let i(u) be the first derivative of 247*u**2/2 - 67*u + 61. List the prime factors of i(4).
3, 307
Suppose -2*u = 5*g - 45 - 3, 4*u + 44 = 4*g. What are the prime factors of (-2 - g/(-4))*12?
2, 3
Suppose 0 = 2*r - 3*u - 21, 0*u = -4*r + u + 37. Suppose -322 + 1987 = r*m. List the prime factors of m.
5, 37
Let b be (-8)/16*206/(-1). Suppose z + 95 = -i, -4*z + 7*z = -i - b. Let v = i - -158. List the prime factors of v.
67
Let w(z) be the third derivative of 31*z**4/12 + 47*z**3/6 - 2*z**2 + 45*z. What are the prime factors of w(12)?
7, 113
Suppose -6 = -3*f, 3*f - 2647 = -3*n - 448. Let c = -428 + n. What are the prime factors of c?
3, 101
Let u = 8722 + -6411. List the prime factors of u.
2311
Let j(g) = 18*g + 108. Let q be j(-6). Suppose -10*o + 448 + 842 = q. What are the prime factors of o?
3, 43
Let n be (8 - 5) + 32/1 + 4. Suppose n*d = 13*d + 10218. What are the prime factors of d?
3, 131
Let t(x) = 13*x + 76. Let v be t(-6). What are the prime factors of (-1)/v*(32 - -632)?
2, 83
Let f(m) = -104*m + 33. Let x be f(6). Let z = x + 1260. List the prime factors of z.
3, 223
Let x(u) = -u**3 + 2*u**2 + 3*u + 11784. List the prime factors of x(0).
2, 3, 491
Let o be -4 - -30*(11/2 + -5). Let i(f) = -f**3 + 23*f**2 - 25*f + 13. What are the prime factors of i(o)?
2, 5, 7, 17
What are the prime factors of 3/(-75) + 7467562/925?
3, 13, 23
Suppose 0*n - 2*w - 28 = 3*n, -5*n - 30 = -5*w. What are the prime factors of (-503)/n + (-5 - (-123)/24)?
3, 7
Let m = 2750 + -1706. Let s = m + 109. List the prime factors of s.
1153
Suppose -3*s = -8*s + 55. Suppose -2*l + 662 = -2*b, s*l + b - 1685 = 6*l. What are the prime factors of l?
2, 3, 7
Suppose -9 = -3*r, -5*m + 0*r - 4*r = -2. List the prime factors of ((146520/(-9))/(-10))/(m/(-1)).
2, 11, 37
List the prime factors of (-2)/14 + 170480/14 + 2.
19, 641
Suppose 114*h - 111*h - 58125 = 0. List the prime factors of h.
5, 31
Let r be (5/5)/((-2)/(-52)). Let p = r - 2. What are the prime factors of (63/(-2))/(p/(-32))?
2, 3, 7
Let z(b) = -9*b**3 - 3*b**3 + 11*b + 5*b**3 + 4*b**3 - 27*b**2 - 5. List the prime factors of z(-10).
5, 37
Let v(y) be the third derivative of 2*y**5/15 + y**4/3 - 2*y**3 + 7*y**2. Let n(q) be the first derivative of v(q). List the prime factors of n(8).
2, 17
Let k = 12832 + 6802. What are the prime factors of k?
2, 9817
Suppose 448 + 17 = 5*u. Let s = u + 604. What are the prime factors of s?
17, 41
Suppose -4*u - 2347 = 7*u - 695699. List the prime factors of u.
2, 7879
Let k(u) = u**3 - 3*u**2 + u + 4. Let p be k(-2). List the prime factors of (-9)/p - (3 - 2265/6).
3, 5
Suppose -453 = -3*m - y, -2*y = 2*m + 2*y - 312. Suppose -20*s + 19*s + m = -5*i, -3*s = 4*i - 488. What are the prime factors of s?
2, 5
Let q(c) = -13870*c. Let m(b) = -67*b. Let p(o) = -1241*m(o) + 6*q(o). Suppose 16 = -9*l + 7. What are the prime factors of p(l)?
73
Suppose 38 = -4*k + 46. Suppose k*l + 3*a - 470 = 0, -222 = -2*l + l + 5*a. What are the prime factors of l?
2, 29
What are the prime factors of 10*(-12)/(-24) - (2 - 3903)?
2, 3, 7, 31
List the prime factors of ((-390)/15 - -13) + 1420.
3, 7, 67
Suppose 0 = 3*b + 2*f + 2107 - 96431, 125754 = 4*b - 3*f. What are the prime factors of b?
2, 3, 5, 131
Suppose -13*i + 9*i + 235776 = 17*b, -5*i + 25 = 0. List the prime factors of b.
2, 3467
Suppose -12 = 6*p - 108. Suppose p*s - 23*s = -1988. List the prime factors of s.
2, 71
Let n = 128 + 83. Let q = n - -7. What are the prime factors of q?
2, 109
Suppose 3*u - 2*b + 16 - 60 = 0, 45 = 3*u - 3*b. Let p = 6 - 4. Suppose -2*r + 2*l + u = 0, -5*r + 0*l + 70 = p*l. List the prime factors of r.
2, 3
Suppose -2942*d + 2953*d - 87692 = 0. List the prime factors of d.
2, 1993
Suppose -31142 = -3*u - 4*d, -5*u + 42*d = 47*d - 51900. What are the prime factors of u?
2, 5189
Let l(x) = -678*x - 314. Let d be l(-5). Let r = d - 1836. What are the prime factors of r?
2, 5, 31
Suppose 8*w - 7 = 9. List the prime factors of (w/(-6))/((-4)/3972).
331
Let n = 403 + -392. Suppose 54 = -n*f + 4311. List the prime factors of f.
3, 43
Let u = -1128 - -1133. Let b be 6 + 0/2 + -3. Suppose 5*x + 280 = b*a, 235 = u*a + 5*x - 205. List the prime factors of a.
2, 3, 5
Suppose -23*w + 80 = -7*w. Suppose r + 6233 = w*u, u + 2477 = 3*u + 5*r. List the prime factors of u.
2, 7, 89
Suppose 5*a - 17002 = -3*b, 4*a + 3*b - 12009 - 1595 = 0. What are the prime factors of a?
2, 1699
Let t(g) = -3*g**2 - 29*g - 14. Let z be t(-12). Let q = 160 - z. List the prime factors of q.
2, 3, 43
What are the prime factors of 59/(885/90) + 1 + 19?
2, 13
Let j(t) = -t + 1. Let l(f) = -9*f. Let x(c) = 2*j(c) - l(c). Let s be x(-4). Let h = 95 - s. What are the prime factors of h?
11
Suppose 346 = 2*y + 2*v, y = -3*v + 27 + 136. Let x = y - 146. What are the prime factors of x?
2
Let w(v) = -204*v - 1. Let j(z) = 41*z. Let f(c) = 11*j(c) + 2*w(c). What are the prime factors of f(5)?
3, 71
Suppose 3754 = 3*t - f, 17*f - 12*f = -5*t + 6230. Let b = t - 590. What are the prime factors of b?
2, 3, 5, 11
Suppose 24*m = 54 + 42. Suppose m*s - 321 - 45 = j, 3*j = 5*s - 454. What are the 